Suppose -3*g - 3*c = -0*g + 9, -d = -3*c. What is the units digit of a(g)?
5
Let t(d) = 8*d - 38. Let u be t(6). Let y be u/(-6) - -1 - 62230/21. What is the units digit of ((-2)/4)/(6/y)?
7
Suppose -24795 = -5*l + 3*b, 5*l - b - 5592 - 19193 = 0. What is the thousands digit of l?
4
Suppose 43*t - 46*t = 36. What is the units digit of 3/t + ((-7203)/(-12) - 2)?
8
Let b = 23176 + 3474. What is the thousands digit of b?
6
Suppose -2*v = -5*u + 354, -2*u - 1252 + 1393 = -v. What is the units digit of u?
2
Suppose -47*r + 115310 + 41107 = -159987. What is the tens digit of r?
3
Suppose 0 = c - 3*k - 3, -6 - 9 = -c - k. Suppose c*o - 18 = 3*o. Suppose 3*u = z - 109, 229 + 119 = 3*z - o*u. What is the tens digit of z?
1
Let i = -5 + 6. Let n(k) = k + 3*k**2 + 11*k + i - 3*k. What is the tens digit of n(-4)?
1
Let b(y) = 5335*y**3 + y**2 + 2*y - 2. Let k be b(1). Suppose k = 14*w - 1734. What is the tens digit of w?
0
Suppose 4*c = c + 678. Let l(g) = g**3 + 27*g**2 - 52*g + 236. Let y be l(-29). Suppose -164 - y = -2*p - 2*u, 2*p - c = -3*u. What is the hundreds digit of p?
1
Let y(r) = 73 + 3 + 54 + 145 - 5*r. Let f = -301 - -301. What is the units digit of y(f)?
5
Let z(p) = 3*p - 61*p - 26*p - 5*p - 35 - 27*p. What is the units digit of z(-6)?
1
Suppose -3*b + 1181 = -4*r + 6376, -3*b - 6496 = -5*r. Let m = -722 + r. What is the hundreds digit of m?
5
Suppose 0 = -3*n + 3231 + 3576. Let g = n - 1237. What is the units digit of g?
2
Let s = 437 - 433. Suppose -2970 = -s*m + 2*y, m - 3*y = -y + 750. What is the hundreds digit of m?
7
What is the units digit of (-402)/335 - (-496)/(-10)*-67?
2
Let i(u) = u**2 - 16*u - 36. Let k be 112/6 - (4/3)/2. Let r be i(k). Suppose 2*y = -r*y - 5*p + 109, 0 = p - 1. What is the tens digit of y?
5
Suppose 3*t - 27132 = -25*t. What is the tens digit of t?
6
Let h(j) = -j**3 + 15*j**2 - 4*j. Let p be h(11). Let m = 2 - -1. Suppose 0 = -m*w - 5*w + p. What is the units digit of w?
5
Suppose -2*n + 2628 + 3553 = r, 2*r + n = 12377. What is the hundreds digit of r?
1
Let c be 45/(-9)*(-8)/10. Suppose -p - 2*q + c + 32 = 0, -3*q - 58 = -2*p. Suppose 11*i - 13*i + p = 0. What is the units digit of i?
6
Let i(m) = -59*m + 321. Let u be i(-17). Let j = 3119 - u. What is the tens digit of j?
9
Let m = 81 + -69. Let d be m/1 + ((-40)/(-5) - 8). Suppose -4*q + 4*r + 0*r + d = 0, 3*r + 21 = 5*q. What is the units digit of q?
6
Let j(t) = 95*t**3 + 11*t**2 - 129*t + 863. What is the units digit of j(7)?
4
Let n(a) = -3607*a - 732. What is the tens digit of n(-4)?
9
Let m be 4/12*(2 + 3/3). What is the tens digit of 1 + m + 35 + 3?
4
Let r = -1579 - -1931. Suppose l = -l. Suppose l = -8*q - 96 + r. What is the tens digit of q?
3
What is the units digit of 5/15*(51 - -99912)?
1
Let z = -99 - -105. Suppose -11 - z = -v. What is the units digit of v?
7
Let m(o) = -o**2 + 5*o. Let f be m(3). Suppose 0 = -f*t - 161 + 563. Suppose -235 = -2*d - h - t, d - 84 = -3*h. What is the tens digit of d?
8
Let j(x) = -332*x - 1239. What is the units digit of j(-7)?
5
Suppose 2*w - 2*m = 16, 0 = 9*w - 7*w + 2*m. Suppose -4*b - o = b - 2920, w*b - 2317 = 3*o. What is the hundreds digit of b?
5
Let d(f) be the third derivative of -11/3*f**3 + 16*f**2 + 0 + 1/6*f**4 + 0*f. What is the tens digit of d(11)?
2
Let t(p) be the first derivative of -23*p**2 - 33*p + 34. What is the hundreds digit of t(-7)?
2
Let v(q) = 12 + 41*q - 14*q - 236*q**2 + 239*q**2. What is the units digit of v(-14)?
2
Suppose -4*l + 11341 = 3*f, -4*l = 5*f - 0*l - 18899. What is the units digit of f?
9
Suppose 3*m - 11 = -3*q + q, 13 = 5*m - 2*q. Suppose -5*g - 5 = 0, -5*b = -2*b - g - 13. What is the units digit of 376/32 - m/b?
1
Let n(g) = -g**3 - 7*g**2 - 7*g - 4. Let k be n(-6). Let s be 14/(-4) + 3/k. What is the units digit of (120 + -4)/4 + s?
7
Let k(f) = 95*f + 4. Let t be (3 - 33/9)/(4/(-6)). Suppose -12*g = -11*g - t. What is the tens digit of k(g)?
9
Let l(i) = -i**3 - 15*i**2 + 11*i + 30. Let s = 56 - 13. Suppose 5*y = -3*t - 65, 5*y + 2*t + 27 = -s. What is the hundreds digit of l(y)?
1
Let m(v) = -v**3 - 30 - 7*v - 30*v**2 + 16*v + 14*v - 3*v. What is the tens digit of m(-31)?
1
Let v = 65 - 38. Suppose -2220 = -v*q + 18597. What is the units digit of q?
1
Let y(b) be the first derivative of 10*b**3 - 2*b**2 + b - 3. Suppose -15 = 5*l - 20. What is the tens digit of y(l)?
2
Let o be (-2)/16*(-48)/6. What is the hundreds digit of (418/1)/(o/4*8)?
2
Let m be (0 - 1) + (412/(-2))/(-1). Let r(i) = -92 - 22*i - 94 + m. What is the hundreds digit of r(-4)?
1
Let k = 430 - 199. Suppose 3*c + 946 = 7*c + 3*f, -c + k = -2*f. What is the hundreds digit of c?
2
Let u(s) = -3*s**2 + 43*s + 4. Let z be u(17). Let v = z - -229. What is the tens digit of v?
9
Let k = 30 + 107. Suppose 119 = -3*b - 5*t, -4 = 4*b - 4*t + 144. Let l = b + k. What is the units digit of l?
9
Let n = -11 - -4445. What is the units digit of n?
4
Let h(f) = f**2 + 23*f - 47. Let c be h(-25). Suppose d - 68 = -5*o, -5*o = -c*d - o + 280. What is the units digit of d?
8
Suppose 0 = 7*q - 5*q - 22. Let o be (-6)/33 - (-35)/q. What is the units digit of (105/20)/(o/28)?
9
Suppose -5*c - 77 = -3*f - f, 0 = -2*c - 2. Suppose -f*b = -21*b + 693. What is the hundreds digit of b?
2
Let t(y) = 181*y**2 + 4*y + 51. What is the units digit of t(-4)?
1
Suppose -24*v = -2*v - v. Suppose 0 = -3*r - u + 2777, 2*r - 2*u + u - 1858 = v. What is the tens digit of r?
2
Suppose 3*i = -y + 9, 5*y - 5*i = -17 + 2. Suppose -3*o + 5*g + 14 = 0, -3*o - g - 8 + 16 = y. What is the units digit of o?
3
Let q(t) = 26*t + 48. Let w be q(7). Let k = 870 + w. What is the hundreds digit of k?
1
Let u(m) = 195*m**2 + 90*m + 808. What is the thousands digit of u(-8)?
2
Let z = -1025 - -1338. What is the tens digit of z?
1
Let z(k) = 4*k + 21. Suppose -i - 15 = -4*a, -5*a + 38 = -5*i + i. Let t be 4/(-6)*(-5 + i). What is the units digit of z(t)?
3
Suppose -36*y + 51*y - 24990 = 0. What is the units digit of y?
6
Let k(y) = -y**3 - 26*y**2 - 14*y + 19. Suppose -4*a = 6*s - 2*s + 92, 81 = -3*a + s. What is the hundreds digit of k(a)?
3
Let j = -2256 + 2625. What is the hundreds digit of j?
3
Let z(t) = -47*t**3 + 5*t - 18. Let u(n) = -2*n**3 - n**2 + 2*n - 1. Let j(p) = -2*u(p) + z(p). What is the thousands digit of j(-3)?
1
Suppose -581*b = -586*b + 5*m + 80800, -m = -2*b + 32327. What is the ten thousands digit of b?
1
Suppose 0 = p + 4*z - 148, -3*z + 498 = 5*p - 276. Suppose 5*y + 4*v = 1249, -3*v + 999 = 5*y - y. Let x = y - p. What is the units digit of x?
3
Suppose -122 - 2533 = -5*b + 4*q, b + 2*q = 517. What is the hundreds digit of b?
5
Let n(s) = -34*s + 8364. What is the thousands digit of n(0)?
8
Suppose -12*a - 158819 + 215361 = -633674. What is the ten thousands digit of a?
5
Suppose -25*u + 5*f - 16170 = -30*u, 4*u = -f + 12921. What is the thousands digit of u?
3
Suppose 2*h - 5 = -57. Let p(s) = s**2 + 16*s + 60. What is the units digit of p(h)?
0
Suppose 26*t + 65*t - 444690 = t. What is the thousands digit of t?
4
Let a = -31087 + 56899. What is the units digit of a?
2
Let h(f) = 4917*f - 5549. What is the thousands digit of h(6)?
3
Let w(y) = y**3 + 13*y**2 - 3*y - 35. Let g be w(-13). Suppose 5*r - 910 = 3*h, -r + 3*h - 522 = -g*r. What is the tens digit of r?
7
What is the hundreds digit of (109087/329)/((-2)/(-7))*(1 + 21)?
5
Let q(o) = -o - 2. Let l be q(-5). Suppose 2*k = 3*s - 16, -k = -6*s + l*s + 11. Suppose 0 = s*x + r - 155, -4*r = x - r - 75. What is the tens digit of x?
7
Let b(q) = -164*q + 2431. What is the ten thousands digit of b(-69)?
1
Suppose 2937 - 123 = 6*q. Suppose 3*l - 66 = -5*d + 659, -3*d + 5*l = -q. What is the hundreds digit of d?
1
Suppose 4*d + 163 = p - 46, -2*p + 5*d + 406 = 0. Suppose 0 = 2*z + 3*g - p, -z + 4*g - 192 = -3*z. What is the units digit of z?
8
Let j = 13 - 10. Let w be (8526/35)/((-2)/(-5)). What is the tens digit of 3*(2/j)/(14/w)?
8
Let w(k) = -2*k**2 - 71*k - 34. Let s be w(-34). Let d = s + 257. What is the units digit of d?
5
Let a(u) = -120*u**3 - u**2 + 121*u**3 - 8*u - u**2 + 9 - 4*u**2. Let z be a(7). Suppose -z*b - 3*i = -81, -b + 134 = 2*b + 2*i. What is the tens digit of b?
4
Suppose -5*w - 4*h + 70994 = 0, 130*h - 123*h = -3*w + 42578. What is the tens